
-14997
What is -217533 (base 8) in base 11?
-502a6
Convert 2100 (base 4) to base 7.
264
What is 169 (base 15) in base 13?
1bc
Convert -4831 (base 13) to base 11.
-7715
Convert -386 (base 14) to base 15.
-321
5413 (base 7) to base 10
1921
Convert 472 (base 8) to base 10.
314
What is -20120 (base 3) in base 9?
-216
What is -1132211 (base 5) in base 15?
-6306
What is -1010011111100110 (base 2) in base 6?
-530554
What is 11000 (base 4) in base 8?
500
-4840 (base 10) to base 15
-167a
-549 (base 12) to base 2
-1100001001
What is -11424 (base 7) in base 6?
-21410
Convert -12084 (base 15) to base 2.
-1110000010011011
What is 22230 (base 7) in base 16?
15e7
-30c6 (base 13) to base 5
-204003
-10330 (base 6) to base 14
-738
Convert -b5d7 (base 16) to base 11.
-31a7a
What is -1101001 (base 2) in base 13?
-81
Convert -2122 (base 6) to base 9.
-585
34455 (base 9) to base 11
16295
What is 311065 (base 7) in base 8?
147734
-779 (base 10) to base 4
-30023
1212203 (base 4) to base 8
14643
-100000100100011 (base 2) to base 7
-66421
What is -112000 (base 3) in base 13?
-231
Convert 224 (base 6) to base 16.
58
Convert 2783 (base 9) to base 10.
2100
What is 100101111110110 (base 2) in base 5?
1110241
Convert 31 (base 13) to base 15.
2a
Convert -225550 (base 8) to base 12.
-38434
Convert 1011011111111 (base 2) to base 5.
142022
Convert 53505 (base 7) to base 5.
411114
What is -37ba (base 13) in base 15?
-2537
What is -16304 (base 7) in base 12?
-2802
What is -416 (base 8) in base 15?
-130
Convert 1112 (base 7) to base 10.
401
332 (base 5) to base 13
71
What is 3 (base 7) in base 13?
3
What is 366 (base 16) in base 14?
462
189 (base 15) to base 3
111010
What is 220 (base 15) in base 11?
3a7
18243 (base 9) to base 12
7356
Convert -34140 (base 5) to base 8.
-4564
Convert -10223 (base 4) to base 15.
-14e
-1001 (base 2) to base 3
-100
What is 200 (base 5) in base 8?
62
What is -b20 (base 12) in base 14?
-82c
What is 303 (base 9) in base 14?
138
What is -550 (base 11) in base 7?
-1632
What is 11110010 (base 2) in base 11?
200
3133300 (base 4) to base 13
6697
Convert -1331 (base 4) to base 7.
-236
-45277 (base 10) to base 12
-22251
-200 (base 15) to base 14
-242
What is -15005 (base 6) in base 16?
-94d
37a (base 16) to base 13
536
What is -58046 (base 10) in base 5?
-3324141
Convert 21301103 (base 4) to base 15.
bcce
Convert 13380 (base 10) to base 12.
78b0
-1001001101 (base 2) to base 16
-24d
Convert -122202201 (base 3) to base 9.
-18681
Convert -121332 (base 6) to base 2.
-10100111011000
What is 148 (base 15) in base 10?
293
4ae (base 15) to base 9
1412
a15 (base 12) to base 13
881
What is 15836 (base 9) in base 3?
112221020
What is 820 (base 10) in base 11?
686
Convert -732 (base 11) to base 13.
-52b
-a31 (base 15) to base 6
-14344
-d3cb (base 16) to base 8
-151713
Convert 44243 (base 6) to base 4.
1200003
What is 16428 (base 9) in base 13?
51a1
What is -26fc (base 16) in base 8?
-23374
What is 15243 (base 7) in base 10?
4245
What is 112237 (base 9) in base 12?
32b14
What is -2315 (base 7) in base 13?
-500
12001 (base 6) to base 3
2101001
-23898 (base 10) to base 3
-1012210010
1248 (base 13) to base 11
1a4a
What is -1010001010001 (base 2) in base 16?
-1451
Convert -aa1 (base 12) to base 11.
-119a
What is -539 (base 11) in base 16?
-287
50213 (base 7) to base 16
2f51
Convert 2264 (base 7) to base 5.
11310
-1c16 (base 13) to base 10
-4244
-433 (base 8) to base 6
-1151
Convert -e (base 16) to base 10.
-14
What is 49d (base 16) in base 14?
605
What is -351 (base 7) in base 13?
-111
Convert -4102 (base 9) to base 16.
-bb7
Convert -5229 (base 12) to base 8.
-21401
What is 20511 (base 6) in base 4?
223123
-4234 (base 5) to base 8
-1071
What is 20001000 (base 3) in base 8?
10461
Convert 32514 (base 6) to base 8.
10636
421 (base 5) to base 2
1101111
1101030 (base 4) to base 7
21102
21120211 (base 3) to base 4
1112122
What is 1503 (base 13) in base 10?
3045
What is -23d (base 15) in base 10?
-508
-100110010010100 (base 2) to base 9
-28802
What is 5d5e (base 15) in base 13?
908c
What is -121010 (base 5) in base 4?
-1012121
What is 13052 (base 7) in base 12?
200b
What is eb5 (base 15) in base 11?
2549
-aa6 (base 13) to base 11
-1410
-7180 (base 10) to base 11
-5438
-543 (base 9) to base 2
-110111100
What is -4116 (base 11) in base 5?
-133322
Convert -28190 (base 10) to base 2.
-110111000011110
What is -212201 (base 4) in base 7?
-10121
-16215 (base 7) to base 13
-2106
Convert -214 (base 16) to base 15.
-257
Convert 4328 (base 11) to base 7.
22445
Convert -100110111 (base 2) to base 12.
-21b
40660 (base 10) to base 13
15679
Convert 4458 (base 9) to base 5.
101133
Convert -217 (base 16) to base 3.
-201211
Convert 1110101 (base 2) to base 11.
a7
-1102201 (base 3) to base 2
-10000010101
What is -44c5 (base 13) in base 5?
-302000
-a39 (base 11) to base 7
-3436
101000010 (base 2) to base 10
322
What is 10872 (base 15) in base 6?
1043112
What is 28107 (base 9) in base 5?
1102132
-220 (base 16) to base 7
-1405
What is 54d7 (base 15) in base 11?
12563
-b6 (base 12) to base 13
-a8
What is 13110221 (base 4) in base 9?
45125
1a4 (base 11) to base 15
10a
Convert 6b3 (base 13) to base 14.
5cc
What is 104144 (base 5) in base 9?
5032
-13456 (base 9) to base 6
-110123
What is a6 (base 11) in base 13?
8c
What is 32cb (base 13) in base 11?
5371
What is -22544 (base 6) in base 2?
-110010100000
Convert -545 (base 8) to base 7.
-1020
What is 6010 (base 15) in base 14?
7557
Convert 8c5d (base 14) to base 12.
12143
What is -3660 (base 10) in base 9?
-5016
What is 6b63 (base 12) in base 16?
2efb
Convert -10001 (base 5) to base 16.
-272
-704 (base 14) to base 2
-10101100000
-1d (base 16) to base 14
-21
Convert 42 (base 14) to base 3.
2011
What is -11011111 (base 2) in base 8?
-337
What is -101211 (base 3) in base 14?
-16c
Convert -45376 (base 8) to base 12.
-b13a
What is 2365 (base 8) in base 2?
10011110101
Convert -21243 (base 5) to base 14.
-756
-2771 (base 9) to base 13
-c49
5651 (base 9) to base 2
1000001010001
What is 4218 (base 13) in base 16?
23bb
Convert -12131311 (base 4) to base 8.
-63565
What is 89a2 (base 11) in base 16?
2e49
-1402 (base 7) to base 8
-1035
What is -1150333 (base 6) in base 12?
-2b3a9
Convert -13400 (base 5) to base 2.
-10001001100
-3b90 (base 14) to base 13
-4a2a
Convert -3a1 (base 11) to base 14.
-25c
-2001201 (base 3) to base 10
-1504
What is 525101 (base 6) in base 3?
2011102101
What is 30232 (base 6) in base 14?
1644
b111 (base 14) to base 7
154421
What is -1015131 (base 6) in base 2?
-1011111110111111
1949 (base 10) to base 14
9d3
-4113 (base 10) to base 14
-16db
What is -978 (base 14) in base 16?
-74e
Convert -423 (base 5) to base 11.
-a3
What is 140554 (base 6) in base 9?
20057
-40340 (base 5) to base 3
-10120010
55 (base 6) to base 3
1022
-22155 (base 7) to base 13
-2700
What is -111040 (base 7) in base 11?
-1378a
-7 (base 15) to base 16
-7
Convert -330300 (base 5) to base 15.
-3550
-2760 (base 9) to base 11
-1620
What is -240601 (base 7) in base 14?
-11c01
What is -5254 (base 9) in base 14?
-1596
What is 28c (base 16) in base 8?
1214
3758 (base 14) to base 5
302212
What is -100000111 (base 2) in base 11?
-21a
35404 (base 7) to base 12
533a
10001001000 (base 2) to base 16
448
-3646 (base 11) to base 3
-20112122
Convert 202212 (base 3) to base 14.
2c3
2809 (base 11) to base 13
186c
What is -231 (base 11) in base 3?
-101020
What is -9140 (base 11) in base 14?
-45d6
3030 (base 6) to base 14
358
What is 29796 (base 12) in base 14?
17294
What is -123b (base 15) in base 14?
-15b3
3c6 (base 14) to base 2
1011111010
What is -3620 (base 8) in base 13?
-b5c
What is -105301 (base 6) in base 10?
-8965
Convert 19a3 (base 11) to base 6.
15421
33021 (base 4) to base 14
4d3
What is -3385a (base 11) in base 3?
-2111010221
Convert 214543 (base 6) to base 5.
1033134
What is 101 (base 4) in base 15?
12
Convert 30424 (base 12) to base 6.
1202444
-3f0f (base 16) to base 4
-3330033
What is -710 (base 9) in base 14?
-2d2
What is -23060 (base 7) in base 12?
-3495
What is -210 (base 6) in base 14?
-58
688 (base 11) to base 10
822
What is -66 (base 7) in base 16?
-30
What is -200011 (base 3) in base 13?
-2b9
Convert 16a3 (base 12) to base 7.
10626
Convert -3439 (base 14) to base 11.
-68a3
Wh